ivided by 70.
59
Suppose -3*b + 296 = 311, 5*b + 55 = 5*s. What is the remainder when 48 is divided by s?
0
Let m = -18143 - -18158. Calculate the remainder when 86/((-1)/(1 - 2)) is divided by m.
11
Let l(g) = 8*g**3 + 2*g**2 - g + 1. Suppose -20*b = -9*b - 11. Calculate the remainder when 457 is divided by l(b).
7
Let g(u) = -u**3 - 20*u**2 + 45*u + 24. Let t(y) = 5*y - 37. Let x be t(3). Suppose -2*h + 0*h + 2 = 0. Calculate the remainder when g(x) is divided by h.
0
Suppose -28*u + 30*u - 23055 = q, u = q + 11527. What is the remainder when u is divided by 21?
20
Let y = -30 - -30. Suppose -5*n + 3*t + 3 = y, -t - 2*t = n - 15. Calculate the remainder when 14 is divided by ((-12)/(-42))/(n/42).
2
Suppose -5*m = -5*f - 290, -2*m - 34*f + 158 = -29*f. Let u = 120 + -66. Let n = m - u. Calculate the remainder when 118 is divided by n.
8
Let m(w) = w**3 - 11*w**2 - 42*w + 260. Calculate the remainder when 249 is divided by m(13).
41
Suppose 30*f + 61*f - 113*f = -3344. What is the remainder when 549 is divided by f?
93
Let f = -7694 + 7794. Calculate the remainder when 333 is divided by f.
33
Let m = 21280 - 21105. What is the remainder when m is divided by 100?
75
Suppose 54*h = 241*h - 19074. Calculate the remainder when 916 is divided by h.
100
Let x(q) = -2*q**3 - 97*q**2 - 32*q + 775. Calculate the remainder when 807 is divided by x(-48).
2
Let o(j) = 3*j**2 + 2*j - 27. Let w = 184 - 95. Let u = w + -35. What is the remainder when u is divided by o(4)?
25
Suppose -5*w + 2*q + 72 = -68, -2*w + 37 = 3*q. Calculate the remainder when 362 is divided by w.
24
Let k = -164 - -169. Suppose 0 = 4*w + k*s - 726, -4*s - 885 = -5*w + s. Calculate the remainder when w is divided by 61.
57
Let g = 3716 + -3681. What is the remainder when 204 is divided by g?
29
Calculate the remainder when 1133 is divided by (9507/(-132))/(236/(-1298)) - (-2)/(-16).
341
Let m(f) = -43*f**2 - 3*f - 11. Let o be m(-2). What is the remainder when 299 is divided by o/(-4) + 395/(-316)?
41
Suppose -4*d - 694 = -2*r, 4*d + r + 353 = 2*d. Let b = 259 + d. What is the remainder when b is divided by 29?
26
Calculate the remainder when 6/((-408)/(-697))*228 is divided by 28.
13
What is the remainder when 1009 is divided by 25296/324 + (-6)/81?
73
Let u(f) = -6*f + 194. Let v be u(27). Suppose -27*z - 355 = -v*z. What is the remainder when z is divided by 20?
11
Let a(o) be the first derivative of o**3/3 + 9*o**2/2 + 15*o - 75. What is the remainder when a(-12) is divided by 9?
6
Let y(g) = 188*g - 2034. What is the remainder when 131 is divided by y(11)?
29
Let t(a) = 56*a**2 + 48*a - 59. Calculate the remainder when t(-4) is divided by 7.
1
Let y = -8625 + 8658. Calculate the remainder when 642 is divided by y.
15
Let i = 0 + 0. Suppose -9*q = -4*q - 10. Suppose -q*r + 11 + 87 = i. What is the remainder when r is divided by 26?
23
Let f(s) = 8*s**2 + 6*s - 11. Let n be f(5). Let g = 224 - n. Calculate the remainder when 22 is divided by g.
2
Let s = 28112 + -28090. Calculate the remainder when 1490 is divided by s.
16
Let q be (-6 + 4)*(0/3 + -2). Suppose 0*c = -4*y - 3*c + 21, q*c = -5*y + 25. What is the remainder when 15 is divided by y?
6
What is the remainder when (-679)/14*(-104)/(390/30) is divided by (-1 + -10)*(-18)/2?
91
Let f(p) = p**2 - 2*p. Let w(c) = c**2 - 7 - 13 - 220 + 21*c + 28 + 6*c. What is the remainder when w(8) is divided by f(-5)?
33
Suppose 3680 = 18*k - 22*k. What is the remainder when (0 + -3 + 0)*k/60 is divided by 16?
14
Suppose 3*a - 14 = 7. Let x(w) = 2*w - 10. Let m be x(a). What is the remainder when -31*(-3)/12*m is divided by 17?
14
Let s(a) = a**3 + 17*a**2 + 15*a - 9. Let c(m) = -m - 4. Let j be c(12). Let f be s(j). Suppose q - f = 15. What is the remainder when 61 is divided by q?
17
Let f(t) = 3*t**2 - 99*t - 699. What is the remainder when f(-7) is divided by 93?
48
What is the remainder when 706 is divided by (-434)/(-56)*-6*(1 + 26/(-6))?
86
Let b(g) = 3*g**2 - 7*g + 8. Let s be b(8). Let c be ((-2120)/s + 4/18)*8. Let m = -94 - c. What is the remainder when 61 is divided by m?
17
Let y(o) = -o**3 - 3*o**2 - 3*o - 1. Let w be y(-2). Let f = 91 - 65. Calculate the remainder when 64 is divided by (w - 3)/(((-16)/f)/4).
12
Suppose -l + 2*v - 8 = 5*v, v = -2*l + 4. Let c be 0 + 4 + (0/l)/1. What is the remainder when (955/(-20))/(0 - c/16) is divided by 24?
23
Let z = -15606 + 15687. Calculate the remainder when 316 is divided by z.
73
Let i = 21803 - 20473. Calculate the remainder when i is divided by 329.
14
Let x = -12475 - -12854. What is the remainder when x is divided by 91?
15
Suppose -6*f + 71 = 29. Suppose -50 = -f*h - 29. Calculate the remainder when 37 is divided by h.
1
Let o(h) = 96*h + 185. Let y be o(-5). Let s = 315 + y. Calculate the remainder when 159 is divided by s.
19
Suppose 42 = 2*c + 12. Suppose 0 = -c*y + 10*y + 10. Suppose -u - y*s + 31 = 0, -u + s = u - 77. What is the remainder when 108 is divided by u?
34
Let l(y) = 1 - 6 + y**2 + 3*y + 0. Calculate the remainder when l(8) is divided by (14 + -2 - 25) + 30.
15
Suppose 30 + 38 = 4*t. Let o(i) = -3*i**3 - 4*i**2 - 10*i - 3. Let v be o(4). Let j = 383 + v. What is the remainder when j is divided by t?
16
Let a(b) = -b**3 + 21*b**2 + 13*b + 21. What is the remainder when a(8) is divided by 13?
8
Let n(k) = -k**2 - 25*k + 65. Suppose 2*o - 64 = 4*y, 2*y = -4*o + 5*y + 118. What is the remainder when n(-20) is divided by o?
25
Let o = 13326 - 13047. What is the remainder when o is divided by 94?
91
Suppose 0 = 17*c - 11*c + 5*a - 55, 5*c - 2*a - 89 = 0. Let u = 41 + 82. Let q = u + -67. Calculate the remainder when q is divided by c.
11
Let p(o) = 5*o**2 - 98*o + 1232. What is the remainder when p(22) is divided by 100?
96
Suppose 5*d = -5*j + 105, 8*d - 17 = 7*d + 3*j. Suppose x + 589 = d*x. Suppose -t + 3*c = -2 - 2, -3*c = 4*t - 76. What is the remainder when x is divided by t?
15
Suppose 3*m = -p + 47, 2*p = 3 - 5. Let v(j) = -4*j - 44. Let k be v(-9). What is the remainder when m is divided by (6/k)/((-8)/32)?
1
Let f = 288 + -286. Suppose -3*s - 4*v + 11 = -262, 186 = f*s + 4*v. Calculate the remainder when 955 is divided by s.
85
Let a be (-436)/(-7) - 28/98. Suppose 178 + a = 3*i. Suppose 10*r = 12*r - i. What is the remainder when 72 is divided by r?
32
Let n be (-2 + 5/2)*0. Suppose -5*x + 265 - 50 = n. Suppose -3*b + x + 47 = 0. Calculate the remainder when 88 is divided by b.
28
Let k = 3071 + -3045. Calculate the remainder when 647 is divided by k.
23
Suppose 30*c - 3518 = -2468. What is the remainder when 187 is divided by c?
12
Suppose 0 = -2*k + 2, -3*k = 2*h - k - 54. Suppose -108 = 4*m - 28. Calculate the remainder when 15/m - 303/(-4) is divided by h.
23
Let b(w) = w**2 + 27*w + 38. Let p be b(-26). Let z be 10/p*(-36)/(-90)*51. Suppose 14*u + 87 = z*u. What is the remainder when 85 is divided by u?
27
Suppose 138*f = -7900 + 25840. Calculate the remainder when 1557 is divided by f.
127
Let t = -9 + 23. Let c(d) = -d**3 - 9*d**2 - 2*d - 6. Let v be c(-4). What is the remainder when v*(39/(-6) - -6) is divided by t?
11
Suppose 0 = -o - 3*r - 1, -3*r = 3*o - 32 + 23. What is the remainder when 193 is divided by o?
3
Let d = 5565 + -5335. What is the remainder when d is divided by 72?
14
Let g(x) = -17*x - 2215*x**2 - 1 + 0*x + 2227*x**2. Let u be g(5). Suppose 2*i + 4*m = 114, -u = -2*i - 2*i - m. Calculate the remainder when i is divided by 9.
8
Let x = -228 - -327. Suppose 5*c = 4*y + 125, -1390*c + 2*y = -1387*c - 71. What is the remainder when x is divided by c?
14
What is the remainder when (-8)/(-10)*((-79740)/(-80) - -17) is divided by 21?
13
Let i(y) = -34*y + 78. What is the remainder when 429 is divided by i(2)?
9
Suppose -6656 = -5*f - 55*m + 59*m, 4*f - 5331 = -3*m. Suppose f = i + 17*i. Calculate the remainder when 133 is divided by i.
59
Suppose 26*t - 24*t - 8 = 0. Calculate the remainder when 80 is divided by (-21)/4*(3 + t - 15).
38
Let m(b) = -b**2 + 76*b + 253. Calculate the remainder when m(66) is divided by 51.
46
Let y = -11050 + 11088. What is the remainder when 188 is divided by y?
36
What is the remainder when 96 is divided by ((-1)/((-3)/8) + -2)/(278/27522)?
30
Let h(k) = k**3 + 5*k**2 + 4*k. Let n be h(-3). Suppose 0